034 a multiple of 8?
False
Is 20 a factor of 40373200?
True
Is 8647800 a multiple of 525?
True
Is 2156135568 a multiple of 16?
True
Is 37 a factor of 2130547949?
True
Does 35 divide 26822105?
False
Is 319909746 a multiple of 184?
False
Does 398 divide 152214370?
False
Is 15389346 a multiple of 537?
True
Does 17 divide 309938739?
False
Does 1135 divide 20683810?
False
Is 505 a factor of 11055211?
False
Is 6 a factor of 704476400?
False
Is 823 a factor of 26940403?
False
Does 1106 divide 3557006600?
True
Does 107 divide 43283212?
True
Does 116 divide 1528402660?
True
Does 13 divide 215316108?
False
Is 2593603844 a multiple of 12?
False
Is 189268 a multiple of 584?
False
Is 7251072 a multiple of 16?
True
Does 1126 divide 34149328?
True
Is 23 a factor of 40981423?
True
Is 3731 a factor of 136230003?
True
Is 15 a factor of 14234963?
False
Is 179857816 a multiple of 8?
True
Is 119543430 a multiple of 108?
False
Is 671790 a multiple of 3?
True
Does 70 divide 11322143?
False
Is 20474892 a multiple of 846?
True
Does 1362 divide 398052693?
False
Is 77553954 a multiple of 257?
False
Is 64362423 a multiple of 213?
True
Is 8 a factor of 44657640?
True
Does 9 divide 2027148?
False
Is 688783095 a multiple of 2835?
True
Is 5 a factor of 16430020?
True
Is 1220 a factor of 521704629?
False
Is 56 a factor of 107834048?
True
Is 3324630680 a multiple of 12?
False
Is 290082190 a multiple of 142?
False
Is 3511 a factor of 150070758?
False
Is 138436331 a multiple of 439?
False
Is 42831602 a multiple of 17?
True
Is 169744429 a multiple of 5550?
False
Is 1971922172 a multiple of 11?
True
Is 332567840 a multiple of 1184?
True
Is 72447312 a multiple of 7?
True
Is 26106772 a multiple of 389?
False
Is 1408 a factor of 108983604?
False
Is 34 a factor of 29358626?
True
Is 2627 a factor of 3099860?
True
Is 3593063772 a multiple of 14?
False
Is 2624457 a multiple of 33?
True
Is 3037625194 a multiple of 1815?
False
Is 85099961 a multiple of 27?
False
Is 275 a factor of 169705793?
False
Is 602419895 a multiple of 55?
True
Does 18 divide 44439336?
True
Is 141480173 a multiple of 15?
False
Is 654740 a multiple of 155?
False
Is 11 a factor of 92172201?
True
Does 18 divide 204499818?
True
Does 11 divide 2056459531?
False
Does 30 divide 12068190?
True
Is 38 a factor of 148508028?
True
Is 91 a factor of 1837889963?
True
Is 84121001 a multiple of 84?
False
Does 122 divide 411723187?
False
Does 6 divide 364122?
True
Is 113157120 a multiple of 192?
True
Does 143 divide 164763313?
True
Is 129 a factor of 7173600087?
True
Does 72 divide 69553152?
True
Is 1449329 a multiple of 7?
True
Is 11 a factor of 603123741?
True
Is 285 a factor of 1875585?
True
Does 27 divide 62820411?
False
Is 196 a factor of 924424672?
False
Is 22107280 a multiple of 9?
False
Does 17 divide 19134248?
True
Is 182851298 a multiple of 1778?
True
Is 107445096 a multiple of 121?
True
Does 2579 divide 161048234?
True
Is 63222953 a multiple of 231?
False
Does 30 divide 91630767?
False
Is 3107581 a multiple of 289?
False
Is 37 a factor of 3129275?
True
Is 55 a factor of 138297005?
True
Is 661 a factor of 1372231221?
False
Is 1837 a factor of 1681172801?
True
Does 7 divide 325987739?
True
Is 1348 a factor of 79769248?
True
Is 18 a factor of 407866662?
True
Is 4 a factor of 628474520?
True
Is 158 a factor of 1653923776?
True
Is 579937593 a multiple of 4?
False
Is 89 a factor of 449236666?
False
Does 519 divide 102512819?
False
Is 36487501 a multiple of 487?
True
Does 299 divide 74143329?
True
Is 51513253 a multiple of 73?
True
Does 150 divide 55453031?
False
Is 962296480 a multiple of 40?
True
Is 44536011 a multiple of 10?
False
Is 42 a factor of 815109120?
True
Does 614 divide 21779635?
False
Does 316 divide 1986995992?
True
Is 1777302501 a multiple of 13?
True
Does 1180 divide 792301560?
True
Does 2973 divide 680953078?
False
Is 42 a factor of 198545548?
False
Is 177 a factor of 669060?
True
Is 1003782307 a multiple of 7337?
True
Is 45896270 a multiple of 1610?
True
Is 104 a factor of 125092864?
True
Does 17 divide 137095818?
False
Is 461 a factor of 10426354?
False
Is 30137018 a multiple of 320?
False
Is 81 a factor of 17557548?
False
Does 3 divide 744901923?
True
Is 10183473 a multiple of 1731?
True
Is 4 a factor of 12889342?
False
Does 9 divide 7796975?
False
Does 343 divide 57444954?
True
Is 55 a factor of 57276340?
True
Is 45879860 a multiple of 19?
False
Does 224 divide 196652960?
True
Is 1185832890 a multiple of 149?
True
Is 93 a factor of 3320794191?
False
Does 1963 divide 43823975?
True
Does 159 divide 33802923?
True
Is 3694 a factor of 361413572?
True
Is 3541 a factor of 169174816?
True
Is 1701 a factor of 303295678?
False
Does 226 divide 2281079?
False
Is 973610122 a multiple of 21?
False
Is 4 a factor of 94086816?
True
Does 32 divide 83129760?
True
Is 4905894 a multiple of 295?
False
Does 36 divide 6786231?
False
Is 742 a factor of 19235608?
True
Does 51 divide 222930741?
True
Is 342411667 a multiple of 335?
False
Is 144163663 a multiple of 189?
False
Is 325551564 a multiple of 87?
True
Does 233 divide 20768222?
True
Is 8313213 a multiple of 78?
False
Does 37 divide 6652415?
True
Is 291 a factor of 23105109?
True
Is 625 a factor of 85547500?
True
Does 2 divide 1013374479?
False
Is 46058464 a multiple of 1348?
True
Is 9 a factor of 32306582?
False
Is 80850144 a multiple of 6?
True
Is 1789 a factor of 38687125?
True
Is 953 a factor of 915025950?
False
Is 177348906 a multiple of 426?
False
Is 13 a factor of 1023625954?
True
Does 148 divide 62588516?
False
Does 4215 divide 180957985?
False
Is 735 a factor of 375451965?
True
Is 1258547559 a multiple of 12?
False
Does 99 divide 278881233?
False
Is 8 a factor of 28762280?
True
Is 17 a factor of 57691523?
True
Does 42 divide 41222894?
False
Does 189 divide 293043059?
False
Is 23 a factor of 3156152?
True
Is 393 a factor of 45414223?
False
Does 8 divide 3959718?
False
Is 93032736 a multiple of 190?
False
Does 1758 divide 3181551850?
False
Is 14 a factor of 454834982?
True
Is 516842334 a multiple of 9?
True
Is 1138668480 a multiple of 72?
True
Does 308 divide 288592479?
False
Is 16136017 a multiple of 14?
False
Is 16 a factor of 11272112?
True
Is 58 a factor of 254511?
False
Is 6728341 a multiple of 23?
False
Is 184 a factor of 7304394?
False
Does 177 divide 16432503?
True
Is 61230797 a multiple of 177?
False
Does 1270 divide 421620950?
True
Is 241703325 a multiple of 675?
True
Does 25 divide 230913125?
True
Does 61 divide 1529019?
False
Does 17 divide 249082238?
False
Is 239277654 a multiple of 198?
True
Does 6 divide 1371486?
True
Is 19 a factor of 626889418?
False
Is 1348 a factor of 86226762?
False
Does 4 divide 85980500?
True
Is 5307534 a multiple of 6?
True
Is 82 a factor of 71684922?
False
Is 110042274 a multiple of 411?
False
Does 46 divide 764373668?
False
Does 25 divide 421947750?
True
Is 724 a factor of 56666756?
True
Is 50003635 a multiple of 2263?
False
Is 208506971 a multiple of 14?
False
Is 27 a factor of 259495758?
True
Does 276 divide 330646888?
False
Is 797 a factor of 596717088?
True
Is 96 a factor of 43832160?
True
Is 410597000 a multiple of 55?
True
Does 236 divide 30837648?
True
Does 1775 divide 136009947?
False
Does 18 divide 1276768679?
False
Does 25 divide 688280425?
True
Is 594153600 a multiple of 64?
True
Is 95571864 a multiple of 8?
True
Is 13 a factor of 36339300?
False
Is 26637383 a multiple of 40?
False
Is 5019789 a multiple of 597?
False
Is 42 a factor of 28593806?
False
Is 538466713 a multiple of 15?
False
Is 1806 a factor of 58687776?
True
Does 23 divide 284581142?
False
Does 9 divide 21258882?
True
Is 25 a factor of 1324824572?
False
Does 191 divide 33561374?
True
Does 97 divide 2035157?
True
Is 4333 a factor of 103935331?
False
Does 11 divide 18287819?
True
Is 29499377 a multiple of 5?
False
Does 24 divide 1019970761?
False
Does 11 divide 1087251?
True
Is 90501728 a multiple of 653?
False
Does 2964 divide 222015630?
False
Is 93 a factor of 77678386?
False
Is 80511165 a multiple of 5?
True
Is 137 a factor of 15303807?
False
Does 588 divide 490533278?
False
Is 92916667 a multiple of 212?
False
Is 35563136 a multiple of 266?
True
Is 94461702 a multiple of 32?
False
Does 12 divide 953023265?
False
Does 67 divide 1184020?
False
Is 50319